 = f. Suppose 5 - 21 = -2*c. What is the remainder when z is divided by c?
5
Suppose 13*r - 135 = 60. Calculate the remainder when 52 is divided by r.
7
Let b = 0 + 22. Suppose 4*k - 14 = b. Suppose -2*n - c = -9, 0*c + c = -5*n + 18. Calculate the remainder when k is divided by n.
0
Let a(l) = -346*l + 2806. Suppose -4*c = -q - 2*q - 39, 0 = -2*c + 4*q + 12. Suppose -52 + c = -2*j. What is the remainder when a(8) is divided by j?
18
Suppose 4*x - 14 = 14. Suppose 2*m = 4*b - 180, 3*b - 3*m = -x*m + 135. Calculate the remainder when b is divided by 16.
13
Suppose -f + s = -428, 11*s - 6*s - 2170 = -5*f. Calculate the remainder when f is divided by 54.
53
Let k(u) = -u**2 + 44*u - 383. What is the remainder when k(16) is divided by 15?
5
Let m = -28 - -27. Let d = m - -9. Calculate the remainder when 29 is divided by d.
5
Calculate the remainder when 3 + 8/4*9 is divided by (((-192)/30)/4)/(2/(-5)).
1
Let l = 344 - 256. Calculate the remainder when l is divided by 51.
37
Suppose -u + 403 = 5*b - 354, 4*b + 2*u - 608 = 0. What is the remainder when b is divided by 45?
16
Suppose 3*n = -2*m + 35, -5*m + m = 4*n - 68. Calculate the remainder when 2 - -3 - 2 - (-67 - 7) is divided by m.
13
Suppose 3*q - 23 = 16. Let o(z) = z**3 - 3*z**2 - 4*z - 1. Let c be o(4). What is the remainder when 39/1 - (c + 2) is divided by q?
12
What is the remainder when 134 is divided by (56/(-48))/(0 - 2/12)?
1
Let s = -39 - -41. Suppose 2*l - 4*g - 52 = -s*l, -3*g + 12 = 0. Suppose 5*z = -q + 21, 4*q + 0*z = 2*z + 128. What is the remainder when q is divided by l?
14
Suppose 1 = -f - 33. What is the remainder when (-407)/(-5) + f/85 is divided by 12?
9
Suppose -1 = -r, 2*q + 3*q - 285 = -5*r. Calculate the remainder when -2*(0 + (-3)/2) + q is divided by 8.
3
Calculate the remainder when (-6)/(-4)*(-1926)/(-27) is divided by 3 - -26 - 2 - 30/6.
19
Let h be (-38)/(-8) - (-21)/(-28). What is the remainder when 3 is divided by (1 - -1)/(8/h)?
0
Let h(o) = o + 4. Calculate the remainder when 109 is divided by h(10).
11
Let r = -142 + 171. Suppose -45 = -3*j - 3*h, 2*j - 5*h - r = -6*h. What is the remainder when 47/2 + (-2)/4 is divided by j?
9
Suppose -3*h - 8*l + 223 + 138 = 0, -496 = -4*h + 4*l. What is the remainder when 141 is divided by h?
18
Let x = 758 - 275. Let y be x/27 + (-2)/(-18). Let u = -8 + y. What is the remainder when u is divided by 3?
1
Let i = -21 + 24. Suppose -60 = -5*y + 5*v, -3*y - v = -i*v - 33. Calculate the remainder when y is divided by 3.
0
Suppose 43 - 19 = 2*n. Suppose -4*j + 69 + 119 = 0. What is the remainder when j is divided by n?
11
Let l(h) = h**3 + 12*h + 55. What is the remainder when 242 is divided by l(0)?
22
Let f(p) be the second derivative of 1/20*p**5 - 11/6*p**3 - 1/2*p**2 + 3/4*p**4 + 0 - 4*p. Calculate the remainder when 26 is divided by f(-10).
8
Suppose -d + 65 = 3*x - 133, 0 = -2*x - 2. What is the remainder when d is divided by 45?
21
Suppose 4*d - 5*s = -4*s + 13, 5*s - 11 = d. Let j be d/18 + (-12)/54. Suppose 4*q + j*q = 68. Calculate the remainder when q is divided by 9.
8
Let l(x) = -x**3 + 3*x**2 + 6*x. What is the remainder when 71 - 1 - -1*(6 + -5) is divided by l(3)?
17
Let w = 7 - -7. Suppose 35*b - 38*b - 2*l = -34, -l + 13 = b. What is the remainder when w is divided by b?
6
Suppose 0 = 5*b - 0 - 10. Suppose b*p - 123 = -p. Suppose 16*r + 12*r - 616 = 0. Calculate the remainder when p is divided by r.
19
Let u = -740 - -777. What is the remainder when 63 is divided by u?
26
Let m(d) = 15*d**2 + 106*d + 16. What is the remainder when 78 is divided by m(-7)?
6
Let x(c) = c**3 - 7*c**2 - 9*c + 10. Let h be x(8). Suppose -h*w = 8 - 42. What is the remainder when w is divided by 4?
1
Suppose 0 = -40*a - 222 + 6500 - 798. Calculate the remainder when a is divided by (-46)/8*4*-1.
22
Suppose -h - 4*h = -155. Suppose -b + 31 = -3*v, 2*b + 6 = -v - 2*b. Let r = v - -26. Calculate the remainder when h is divided by r.
15
Let h(q) = -q**3 - 11*q**2 - 2*q - 19. Let n be h(-11). Suppose -138 - 15 = -n*x. Calculate the remainder when x is divided by 27.
24
Let f = 694 + -529. Suppose h - 10 = 18. What is the remainder when f is divided by h?
25
Let w = 20 + -43. Let r = -15 - w. Suppose -22 + 214 = r*m. Calculate the remainder when m is divided by 5.
4
Let b = -1185 + 1262. Calculate the remainder when 460 is divided by b.
75
Suppose -5*a = 2*v - 70, 3*a - 4 = 2*a. Suppose 4*q - 48 = -4*f, -q = -3*q - f + v. What is the remainder when 64 is divided by q?
12
Let t(l) = -5*l**3 + 7*l + 20. What is the remainder when t(-2) is divided by 19?
8
Let i(d) = -11 - 14*d + 66 - 15*d + 28*d. Calculate the remainder when i(25) is divided by 17.
13
Let h(q) = 21*q**2 + 5*q - 10. Suppose m = -2*w + 9, -3*w = -2*m + 5*m - 18. Calculate the remainder when h(m) is divided by 49.
47
Calculate the remainder when 693 - -25 - (1 + (1 - 3)) is divided by 60.
59
Let p(y) = y**2 - 38. Let m be p(0). Let k = 44 + m. Calculate the remainder when 21 is divided by k.
3
Suppose -5*x + 21*x - 80 = 0. Suppose -m - k + 16 = -x, 5*m - 4*k - 132 = 0. What is the remainder when 115 is divided by m?
19
Let n(b) = 3*b - 16. Let p be n(6). Suppose 0 = 4*s - 4*u - 40, 0 = p*u - 1 - 3. Calculate the remainder when 22 is divided by s.
10
Suppose 0*v = -2*v - 4. Let y(o) = o - o**3 + 2*o**2 - 3*o - 1 - 1. Calculate the remainder when 70 is divided by y(v).
16
Let w be (-24)/24*(1 + -2 + -21). Suppose -25*a + 12 = -w*a. Suppose h = -5*p + 3*p + 4, p = 3*h - 19. What is the remainder when h is divided by a?
2
Suppose -5*o + 1 = 2*w - 17, 3*o + 6 = 3*w. Calculate the remainder when 12 is divided by o.
0
Suppose 40*z = 60*z - 5840. What is the remainder when z is divided by 85?
37
Suppose 0 = -12*o + 11*o + 3. Suppose -4*c = o*c - 140. Calculate the remainder when 96 is divided by c.
16
Suppose -n = 3*n. Suppose n = -5*p + 40 - 0. Calculate the remainder when p is divided by -1*10/(-4)*(-12)/(-15).
0
Let m(u) be the first derivative of 4*u**2 + 3*u + 6. Let y be m(-2). Let a = -4 - y. Calculate the remainder when 26 is divided by a.
8
Suppose 3*f - 132 = -a + 3*a, -2*f + 2*a + 86 = 0. Suppose -m = m - f. Calculate the remainder when 68 is divided by m.
22
Let v(y) = -54*y**3 - 5*y - 4. Let c be v(-1). Suppose -6*a + 113 + c = 0. Calculate the remainder when a is divided by 2.
0
Suppose -66 = -c + 2*i, 4*c + 5*i + 51 = 250. What is the remainder when 68 is divided by (-3)/(-6)*c/2?
12
Suppose b = 3*d + 1 + 22, 2*d = 5*b - 180. What is the remainder when b is divided by 30?
8
Let d be 4/(-9)*-12 - 5/15. Suppose 25 = 2*t + y, 4*y + 0*y + 95 = d*t. What is the remainder when 104 is divided by t?
14
Suppose -f = -0*h - h + 2, -h - 2 = -5*f. Let k = 5 + f. Suppose -r + k*r - 260 = 0. Calculate the remainder when r is divided by 18.
16
Let o(s) = 0*s**2 + s + 1 + 3*s**2 + 8*s**2 - 4*s**2. Let w = 55 + -30. What is the remainder when w is divided by o(-1)?
4
Suppose -13*y - 9 = -16*y. Suppose y*j + q + 4*q = 74, -4 = -q. What is the remainder when 52 is divided by j?
16
Let t(b) be the third derivative of -b**5/60 + b**4/4 - 7*b**3/6 + 7*b**2. Let p be t(4). Let c = p + 6. What is the remainder when 19 is divided by c?
5
Let q(g) = g**2 - 11*g + 13. Let d be q(10). Suppose -3*f + d = -v + 12, 0 = v + f - 21. What is the remainder when 33 is divided by v?
15
Let q(x) = -23*x**3 - 3*x - 3. Calculate the remainder when 894 is divided by q(-1).
20
Let v = 2 + 2. Let a(n) = 6*n**2 + 23*n + 71. Let c be a(-3). Suppose v*r + 0*r = c. Calculate the remainder when r is divided by 6.
2
Let y be 6/(-21)*14*3/(-12). What is the remainder when (y/(-2)*97 + -2)*-2 is divided by 26?
23
Let y(v) = -v**2 - 17*v - 59. Calculate the remainder when 21 is divided by y(-8).
8
Let b be ((-10)/2)/((-1)/(-2)). Let l = 21 + b. What is the remainder when 32 is divided by l?
10
Let g(p) = 65*p**2 + 3*p + 1. Let y be g(-2). Suppose 3*b = 3*h - y, -2*h + 3*b + 27 = -144. Let i = h - 58. What is the remainder when i is divided by 14?
12
Suppose 22 = 2*a + 12. Calculate the remainder when 9 is divided by a.
4
Suppose -21 = -3*d - 3*h, -4*h + 11 = -2*d + 1. Suppose -23 = -d*l + 19. Suppose 0 = -m - l + 65. Calculate the remainder when m is divided by 18.
15
Suppose -160 = -p - 10. Calculate the remai